{"id":12,"date":"2007-12-07T16:36:45","date_gmt":"2007-12-07T14:36:45","guid":{"rendered":"http:\/\/www.veterina-holesov.cz\/?page_id=12"},"modified":"2022-02-10T13:03:48","modified_gmt":"2022-02-10T11:03:48","slug":"ordinacni-hodiny","status":"publish","type":"page","link":"http:\/\/www.veterina-holesov.cz\/?page_id=12","title":{"rendered":"Ordina\u010dn\u00ed hodiny"},"content":{"rendered":"<p style=\"text-align: center;\">&nbsp;ORDINA\u010cN\u00cd DOBA HOLE\u0160OV<\/p>\n<table class=\"ms-classic3-top\" style=\"width: 40%; height: 209px;\" align=\"center\">\n<tbody>\n<tr>\n<td class=\"style4\" style=\"width: 11.7647%;\" bgcolor=\"#cde9f5\">PO<\/td>\n<td class=\"style3\" style=\"width: 25.4902%; text-align: center;\" bgcolor=\"#cde9f5\">9.00 &#8211; 11.00<\/td>\n<td class=\"style3\" style=\"width: 37.4069%; text-align: center;\" bgcolor=\"#cde9f5\">17.30 &#8211; 19.30<\/td>\n<\/tr>\n<tr>\n<td class=\"style4\" style=\"width: 11.7647%;\">\u00daT<\/td>\n<td class=\"style3\" style=\"width: 25.4902%; text-align: center;\">9.00 &#8211; 11.00<\/td>\n<td class=\"style3\" style=\"width: 37.4069%; text-align: center;\">15.00 &#8211; 17.00<\/td>\n<\/tr>\n<tr>\n<td class=\"style4\" style=\"width: 11.7647%;\" bgcolor=\"#cde9f5\">ST<\/td>\n<td class=\"style3\" style=\"width: 25.4902%; text-align: center;\" bgcolor=\"#cde9f5\">9.00 &#8211; 11.00<\/td>\n<td class=\"style3\" style=\"width: 37.4069%; text-align: center;\" bgcolor=\"#cde9f5\">17.30 &#8211; 19.30<\/td>\n<\/tr>\n<tr>\n<td class=\"style4\" style=\"width: 11.7647%;\">\u010cT<\/td>\n<td class=\"style3\" style=\"width: 25.4902%; text-align: center;\">9.00 &#8211; 11.00<\/td>\n<td class=\"style3\" style=\"width: 37.4069%; text-align: center;\">15.00 &#8211; 17.00<\/td>\n<\/tr>\n<tr>\n<td class=\"style4\" style=\"width: 11.7647%;\" bgcolor=\"#cde9f5\">P\u00c1<\/td>\n<td class=\"style3\" style=\"width: 25.4902%; text-align: center;\" bgcolor=\"#cde9f5\">9.00 &#8211; 11.00<\/td>\n<td class=\"style3\" style=\"width: 37.4069%; text-align: center;\" bgcolor=\"#cde9f5\">17.30 &#8211; 19.30<\/td>\n<\/tr>\n<tr>\n<td class=\"style4\" style=\"width: 11.7647%;\">SO<\/td>\n<td class=\"style3\" style=\"width: 25.4902%; text-align: center;\">&#8211;<\/td>\n<td class=\"style3\" style=\"width: 37.4069%; text-align: center;\">&#8211;<\/td>\n<\/tr>\n<tr>\n<td class=\"style4\" style=\"width: 11.7647%;\" bgcolor=\"#cde9f5\">NE<\/td>\n<td class=\"style3\" style=\"width: 25.4902%; text-align: center;\" bgcolor=\"#cde9f5\">&#8211;<\/td>\n<td class=\"style3\" style=\"width: 37.4069%; text-align: center;\" bgcolor=\"#cde9f5\">19.00 &#8211; 20.00<\/td>\n<\/tr>\n<\/tbody>\n<\/table>\n<p style=\"text-align: center;\">ORDINA\u010cN\u00cd DOBA FRY\u0160T\u00c1K<\/p>\n<table class=\"ms-classic3-top\" style=\"width: 40%; height: 209px;\" align=\"center\">\n<tbody>\n<tr>\n<td class=\"style4\" style=\"width: 60px;\" bgcolor=\"#cde9f5\">PO<\/td>\n<td class=\"style3\" style=\"width: 130px; text-align: center;\" bgcolor=\"#cde9f5\">&#8211;<\/td>\n<td class=\"style3\" style=\"text-align: center;\" bgcolor=\"#cde9f5\">15.00 &#8211; 17.00<\/td>\n<\/tr>\n<tr>\n<td class=\"style4\" style=\"width: 60px;\">\u00daT<\/td>\n<td class=\"style3\" style=\"width: 130px; text-align: center;\">&#8211;<\/td>\n<td class=\"style3\" style=\"text-align: center;\">17.30 &#8211; 19.00<\/td>\n<\/tr>\n<tr>\n<td class=\"style4\" style=\"width: 60px;\" bgcolor=\"#cde9f5\">ST<\/td>\n<td class=\"style3\" style=\"width: 130px; text-align: center;\" bgcolor=\"#cde9f5\">&#8211;<\/td>\n<td class=\"style3\" style=\"text-align: center;\" bgcolor=\"#cde9f5\">15.00 &#8211; 17.00<\/td>\n<\/tr>\n<tr>\n<td class=\"style4\" style=\"width: 60px;\">\u010cT<\/td>\n<td class=\"style3\" style=\"width: 130px; text-align: center;\">&#8211;<\/td>\n<td class=\"style3\" style=\"text-align: center;\">17.30 &#8211; 19.00<\/td>\n<\/tr>\n<tr>\n<td class=\"style4\" style=\"width: 60px;\" bgcolor=\"#cde9f5\">P\u00c1<\/td>\n<td class=\"style3\" style=\"width: 130px; text-align: center;\" bgcolor=\"#cde9f5\">&#8211;<\/td>\n<td class=\"style3\" style=\"text-align: center;\" bgcolor=\"#cde9f5\">15.00 &#8211; 17.00<\/td>\n<\/tr>\n<tr>\n<td class=\"style4\" style=\"width: 60px;\">SO<\/td>\n<td class=\"style3\" style=\"width: 130px; text-align: center;\">&#8211;<\/td>\n<td class=\"style3\" style=\"text-align: center;\">&#8211;<\/td>\n<\/tr>\n<tr>\n<td class=\"style4\" style=\"width: 60px;\" bgcolor=\"#cde9f5\">NE<\/td>\n<td class=\"style3\" style=\"width: 130px; text-align: center;\" bgcolor=\"#cde9f5\">&#8211;<\/td>\n<td class=\"style3\" style=\"text-align: center;\" bgcolor=\"#cde9f5\">&#8211;<\/td>\n<\/tr>\n<\/tbody>\n<\/table>\n<p style=\"text-align: center;\" align=\"center\"><img src=\"http:\/\/www.veterina-holesov.cz\/wp-content\/uploads\/2007\/12\/pes_03.jpg\" alt=\"hlidac2\"><\/p>\n","protected":false},"excerpt":{"rendered":"<p>&nbsp;ORDINA\u010cN\u00cd DOBA HOLE\u0160OV PO 9.00 &#8211; 11.00 17.30 &#8211; 19.30 \u00daT 9.00 &#8211; 11.00 15.00 &#8211; 17.00 ST 9.00 &#8211; 11.00 17.30 &#8211; 19.30 \u010cT 9.00 &#8211; 11.00 15.00 &#8211; 17.00 P\u00c1 9.00 &#8211; 11.00 17.30 &#8211; 19.30 SO &#8211; &#8211; NE &#8211; 19.00 &#8211; 20.00 ORDINA\u010cN\u00cd DOBA FRY\u0160T\u00c1K PO &#8211; 15.00 &#8211; 17.00 \u00daT<br \/><a class=\"moretag\" href=\"http:\/\/www.veterina-holesov.cz\/?page_id=12\">+ Read More<\/a><\/p>\n","protected":false},"author":1,"featured_media":0,"parent":0,"menu_order":90,"comment_status":"closed","ping_status":"open","template":"","meta":{"ngg_post_thumbnail":0},"_links":{"self":[{"href":"http:\/\/www.veterina-holesov.cz\/index.php?rest_route=\/wp\/v2\/pages\/12"}],"collection":[{"href":"http:\/\/www.veterina-holesov.cz\/index.php?rest_route=\/wp\/v2\/pages"}],"about":[{"href":"http:\/\/www.veterina-holesov.cz\/index.php?rest_route=\/wp\/v2\/types\/page"}],"author":[{"embeddable":true,"href":"http:\/\/www.veterina-holesov.cz\/index.php?rest_route=\/wp\/v2\/users\/1"}],"replies":[{"embeddable":true,"href":"http:\/\/www.veterina-holesov.cz\/index.php?rest_route=%2Fwp%2Fv2%2Fcomments&post=12"}],"version-history":[{"count":7,"href":"http:\/\/www.veterina-holesov.cz\/index.php?rest_route=\/wp\/v2\/pages\/12\/revisions"}],"predecessor-version":[{"id":356,"href":"http:\/\/www.veterina-holesov.cz\/index.php?rest_route=\/wp\/v2\/pages\/12\/revisions\/356"}],"wp:attachment":[{"href":"http:\/\/www.veterina-holesov.cz\/index.php?rest_route=%2Fwp%2Fv2%2Fmedia&parent=12"}],"curies":[{"name":"wp","href":"https:\/\/api.w.org\/{rel}","templated":true}]}}